[INFO] fetching crate erguotou 0.0.3...
[INFO] checking erguotou-0.0.3 against master#af3c6e733a40e671550e0f0f5aeecaa13772ba56 for pr-74989
[INFO] extracting crate erguotou 0.0.3 into /workspace/builds/worker-14/source
[INFO] validating manifest of crates.io crate erguotou 0.0.3 on toolchain af3c6e733a40e671550e0f0f5aeecaa13772ba56
[INFO] running `Command { std: "/workspace/cargo-home/bin/cargo" "+af3c6e733a40e671550e0f0f5aeecaa13772ba56" "read-manifest" "--manifest-path" "Cargo.toml", kill_on_drop: false }`
[INFO] started tweaking crates.io crate erguotou 0.0.3
[INFO] finished tweaking crates.io crate erguotou 0.0.3
[INFO] tweaked toml for crates.io crate erguotou 0.0.3 written to /workspace/builds/worker-14/source/Cargo.toml
[INFO] running `Command { std: "/workspace/cargo-home/bin/cargo" "+af3c6e733a40e671550e0f0f5aeecaa13772ba56" "generate-lockfile" "--manifest-path" "Cargo.toml" "-Zno-index-update", kill_on_drop: false }`
[INFO] running `Command { std: "/workspace/cargo-home/bin/cargo" "+af3c6e733a40e671550e0f0f5aeecaa13772ba56" "fetch" "--locked" "--manifest-path" "Cargo.toml", kill_on_drop: false }`
[INFO] running `Command { std: "docker" "create" "-v" "/var/lib/crater-agent-workspace/builds/worker-14/target:/opt/rustwide/target:rw,Z" "-v" "/var/lib/crater-agent-workspace/builds/worker-14/source:/opt/rustwide/workdir:ro,Z" "-v" "/var/lib/crater-agent-workspace/cargo-home:/opt/rustwide/cargo-home:ro,Z" "-v" "/var/lib/crater-agent-workspace/rustup-home:/opt/rustwide/rustup-home:ro,Z" "-e" "SOURCE_DIR=/opt/rustwide/workdir" "-e" "CARGO_TARGET_DIR=/opt/rustwide/target" "-e" "CARGO_HOME=/opt/rustwide/cargo-home" "-e" "RUSTUP_HOME=/opt/rustwide/rustup-home" "-w" "/opt/rustwide/workdir" "-m" "1610612736" "--user" "0:0" "--network" "none" "rustops/crates-build-env@sha256:d92eaeed33fa75130ca1ee6c8a01d1ffb62bac859dfdfb3450e3e5d1c0146529" "/opt/rustwide/cargo-home/bin/cargo" "+af3c6e733a40e671550e0f0f5aeecaa13772ba56" "metadata" "--no-deps" "--format-version=1", kill_on_drop: false }`
[INFO] [stdout] e20c0328d4edaef0e564d1d673ede32ba9e5bd235b7d9ad1aa3c9818cd90683d
[INFO] [stderr] WARNING: Your kernel does not support swap limit capabilities or the cgroup is not mounted. Memory limited without swap.
[INFO] running `Command { std: "docker" "start" "-a" "e20c0328d4edaef0e564d1d673ede32ba9e5bd235b7d9ad1aa3c9818cd90683d", kill_on_drop: false }`
[INFO] running `Command { std: "docker" "inspect" "e20c0328d4edaef0e564d1d673ede32ba9e5bd235b7d9ad1aa3c9818cd90683d", kill_on_drop: false }`
[INFO] running `Command { std: "docker" "rm" "-f" "e20c0328d4edaef0e564d1d673ede32ba9e5bd235b7d9ad1aa3c9818cd90683d", kill_on_drop: false }`
[INFO] [stdout] e20c0328d4edaef0e564d1d673ede32ba9e5bd235b7d9ad1aa3c9818cd90683d
[INFO] running `Command { std: "docker" "create" "-v" "/var/lib/crater-agent-workspace/builds/worker-14/target:/opt/rustwide/target:rw,Z" "-v" "/var/lib/crater-agent-workspace/builds/worker-14/source:/opt/rustwide/workdir:ro,Z" "-v" "/var/lib/crater-agent-workspace/cargo-home:/opt/rustwide/cargo-home:ro,Z" "-v" "/var/lib/crater-agent-workspace/rustup-home:/opt/rustwide/rustup-home:ro,Z" "-e" "SOURCE_DIR=/opt/rustwide/workdir" "-e" "CARGO_TARGET_DIR=/opt/rustwide/target" "-e" "CARGO_INCREMENTAL=0" "-e" "RUST_BACKTRACE=full" "-e" "RUSTFLAGS=--cap-lints=forbid" "-e" "CARGO_HOME=/opt/rustwide/cargo-home" "-e" "RUSTUP_HOME=/opt/rustwide/rustup-home" "-w" "/opt/rustwide/workdir" "-m" "1610612736" "--user" "0:0" "--network" "none" "rustops/crates-build-env@sha256:d92eaeed33fa75130ca1ee6c8a01d1ffb62bac859dfdfb3450e3e5d1c0146529" "/opt/rustwide/cargo-home/bin/cargo" "+af3c6e733a40e671550e0f0f5aeecaa13772ba56" "check" "--frozen" "--all" "--all-targets" "--message-format=json", kill_on_drop: false }`
[INFO] [stdout] b870d6c50d25b34a5fbd47b8405225023513f11f9437e8603a9490aee6f59052
[INFO] [stderr] WARNING: Your kernel does not support swap limit capabilities or the cgroup is not mounted. Memory limited without swap.
[INFO] running `Command { std: "docker" "start" "-a" "b870d6c50d25b34a5fbd47b8405225023513f11f9437e8603a9490aee6f59052", kill_on_drop: false }`
[INFO] [stderr]    Compiling libc v0.2.77
[INFO] [stderr]     Checking cfg-if v0.1.10
[INFO] [stderr]    Compiling rand_core v0.4.2
[INFO] [stderr]    Compiling siphasher v0.2.3
[INFO] [stderr]     Checking tinyvec v0.3.4
[INFO] [stderr]     Checking matches v0.1.8
[INFO] [stderr]    Compiling proc-macro2 v1.0.21
[INFO] [stderr]    Compiling httparse v1.3.4
[INFO] [stderr]    Compiling byteorder v1.3.4
[INFO] [stderr]     Checking traitobject v0.1.0
[INFO] [stderr]    Compiling unicode-xid v0.2.1
[INFO] [stderr]     Checking itoa v0.4.6
[INFO] [stderr]     Checking fnv v1.0.7
[INFO] [stderr]     Checking bytes v0.5.6
[INFO] [stderr]     Checking lazy_static v1.4.0
[INFO] [stderr]     Checking safemem v0.3.3
[INFO] [stderr]    Compiling pin-project-internal v0.4.23
[INFO] [stderr]     Checking percent-encoding v1.0.1
[INFO] [stderr]     Checking futures-core v0.3.5
[INFO] [stderr]     Checking language-tags v0.2.2
[INFO] [stderr]     Checking typeable v0.1.2
[INFO] [stderr]    Compiling autocfg v1.0.1
[INFO] [stderr]     Checking slab v0.4.2
[INFO] [stderr]     Checking pin-project-lite v0.1.7
[INFO] [stderr]    Compiling serde v1.0.116
[INFO] [stderr]     Checking modifier v0.1.0
[INFO] [stderr]     Checking futures-task v0.3.5
[INFO] [stderr]     Checking futures-sink v0.3.5
[INFO] [stderr]     Checking pin-utils v0.1.0
[INFO] [stderr]     Checking hashbrown v0.9.0
[INFO] [stderr]     Checking try-lock v0.2.3
[INFO] [stderr]     Checking tower-service v0.3.0
[INFO] [stderr]     Checking percent-encoding v2.1.0
[INFO] [stderr]     Checking rustc-serialize v0.3.24
[INFO] [stderr]     Checking route-recognizer v0.1.13
[INFO] [stderr]     Checking maplit v1.0.2
[INFO] [stderr]    Compiling unicase v1.4.2
[INFO] [stderr]    Compiling rand_pcg v0.1.2
[INFO] [stderr]    Compiling rand_chacha v0.1.1
[INFO] [stderr]    Compiling rand v0.6.5
[INFO] [stderr]     Checking unicode-bidi v0.3.4
[INFO] [stderr]     Checking unsafe-any v0.4.2
[INFO] [stderr]     Checking tracing-core v0.1.16
[INFO] [stderr]    Compiling rand_core v0.3.1
[INFO] [stderr]    Compiling rand_jitter v0.1.4
[INFO] [stderr]     Checking unicode-normalization v0.1.13
[INFO] [stderr]     Checking futures-channel v0.3.5
[INFO] [stderr]     Checking log v0.4.11
[INFO] [stderr]     Checking typemap v0.3.3
[INFO] [stderr]    Compiling rand_hc v0.1.0
[INFO] [stderr]    Compiling rand_xorshift v0.1.1
[INFO] [stderr]    Compiling rand_isaac v0.1.1
[INFO] [stderr]     Checking http v0.2.1
[INFO] [stderr]     Checking plugin v0.2.6
[INFO] [stderr]    Compiling indexmap v1.6.0
[INFO] [stderr]     Checking log v0.3.9
[INFO] [stderr]     Checking want v0.3.0
[INFO] [stderr]     Checking tracing v0.1.19
[INFO] [stderr]    Compiling phf_shared v0.7.24
[INFO] [stderr]     Checking mime v0.2.6
[INFO] [stderr]     Checking phf v0.7.24
[INFO] [stderr]     Checking base64 v0.9.3
[INFO] [stderr]    Compiling quote v1.0.7
[INFO] [stderr]     Checking time v0.1.44
[INFO] [stderr]     Checking net2 v0.2.35
[INFO] [stderr]     Checking iovec v0.1.4
[INFO] [stderr]     Checking num_cpus v1.13.0
[INFO] [stderr]     Checking socket2 v0.3.15
[INFO] [stderr]     Checking idna v0.1.5
[INFO] [stderr]     Checking idna v0.2.0
[INFO] [stderr]    Compiling rand_os v0.1.3
[INFO] [stderr]     Checking mio v0.6.22
[INFO] [stderr]    Compiling syn v1.0.40
[INFO] [stderr]     Checking url v1.7.2
[INFO] [stderr]     Checking url v2.1.1
[INFO] [stderr]     Checking http-body v0.3.1
[INFO] [stderr]     Checking tokio v0.2.22
[INFO] [stderr]     Checking hyper v0.10.16
[INFO] [stderr]    Compiling phf_generator v0.7.24
[INFO] [stderr]    Compiling phf_codegen v0.7.24
[INFO] [stderr]    Compiling mime_guess v1.8.8
[INFO] [stderr]     Checking serde_json v1.0.57
[INFO] [stderr]     Checking iron v0.6.1
[INFO] [stderr]     Checking tokio-util v0.3.1
[INFO] [stderr]     Checking persistent v0.4.0
[INFO] [stderr]     Checking router v0.6.0
[INFO] [stderr]     Checking bodyparser v0.8.0
[INFO] [stderr]     Checking urlencoded v0.6.0
[INFO] [stderr]     Checking pin-project v0.4.23
[INFO] [stderr]     Checking futures-util v0.3.5
[INFO] [stderr]     Checking h2 v0.2.6
[INFO] [stderr]     Checking hyper v0.13.7
[INFO] [stderr]     Checking erguotou v0.0.3 (/opt/rustwide/workdir)
[INFO] [stdout] error[E0432]: unresolved imports `hyper::client::IntoUrl`, `hyper::client::RequestBuilder`
[INFO] [stdout]  --> src/json.rs:3:21
[INFO] [stdout]   |
[INFO] [stdout] 3 | use hyper::client::{IntoUrl, RequestBuilder};
[INFO] [stdout]   |                     ^^^^^^^  ^^^^^^^^^^^^^^ no `RequestBuilder` in `client`
[INFO] [stdout]   |                     |
[INFO] [stdout]   |                     no `IntoUrl` in `client`
[INFO] [stdout] 
[INFO] [stdout] 
[INFO] [stdout] error[E0432]: unresolved import `hyper::header::ContentType`
[INFO] [stdout]  --> src/json.rs:4:5
[INFO] [stdout]   |
[INFO] [stdout] 4 | use hyper::header::ContentType;
[INFO] [stdout]   |     ^^^^^^^^^^^^^^^^^^^^^^^^^^ no `ContentType` in `header`
[INFO] [stdout] 
[INFO] [stdout] 
[INFO] [stdout] error[E0432]: unresolved import `url::form_urlencoded::serialize`
[INFO] [stdout]  --> src/form.rs:4:5
[INFO] [stdout]   |
[INFO] [stdout] 4 | use url::form_urlencoded::serialize;
[INFO] [stdout]   |     ^^^^^^^^^^^^^^^^^^^^^^---------
[INFO] [stdout]   |     |                     |
[INFO] [stdout]   |     |                     help: a similar name exists in the module: `Serializer`
[INFO] [stdout]   |     no `serialize` in `form_urlencoded`
[INFO] [stdout] 
[INFO] [stdout] 
[INFO] [stdout] error[E0432]: unresolved imports `hyper::client::IntoUrl`, `hyper::client::RequestBuilder`
[INFO] [stdout]  --> src/form.rs:5:21
[INFO] [stdout]   |
[INFO] [stdout] 5 | use hyper::client::{IntoUrl, RequestBuilder};
[INFO] [stdout]   |                     ^^^^^^^  ^^^^^^^^^^^^^^ no `RequestBuilder` in `client`
[INFO] [stdout]   |                     |
[INFO] [stdout]   |                     no `IntoUrl` in `client`
[INFO] [stdout] 
[INFO] [stdout] 
[INFO] [stdout] error[E0432]: unresolved import `hyper::header::ContentType`
[INFO] [stdout]  --> src/form.rs:6:5
[INFO] [stdout]   |
[INFO] [stdout] 6 | use hyper::header::ContentType;
[INFO] [stdout]   |     ^^^^^^^^^^^^^^^^^^^^^^^^^^ no `ContentType` in `header`
[INFO] [stdout] 
[INFO] [stdout] 
[INFO] [stdout] warning: trait objects without an explicit `dyn` are deprecated
[INFO] [stdout]  --> src/json.rs:9:16
[INFO] [stdout]   |
[INFO] [stdout] 9 |     value: &'a ToJson,
[INFO] [stdout]   |                ^^^^^^ help: use `dyn`: `dyn ToJson`
[INFO] [stdout]   |
[INFO] [stdout]   = note: `#[warn(bare_trait_objects)]` on by default
[INFO] [stdout] 
[INFO] [stdout] 
[INFO] [stdout] warning: trait objects without an explicit `dyn` are deprecated
[INFO] [stdout]   --> src/json.rs:13:19
[INFO] [stdout]    |
[INFO] [stdout] 13 | impl<'a> From<&'a ToJson> for JsonParam<'a> {
[INFO] [stdout]    |                   ^^^^^^ help: use `dyn`: `dyn ToJson`
[INFO] [stdout] 
[INFO] [stdout] 
[INFO] [stdout] warning: trait objects without an explicit `dyn` are deprecated
[INFO] [stdout]   --> src/json.rs:14:27
[INFO] [stdout]    |
[INFO] [stdout] 14 |     fn from(data_ref: &'a ToJson) -> JsonParam<'a> {
[INFO] [stdout]    |                           ^^^^^^ help: use `dyn`: `dyn ToJson`
[INFO] [stdout] 
[INFO] [stdout] 
[INFO] [stdout] error: patterns aren't allowed in functions without bodies
[INFO] [stdout]   --> src/json.rs:23:13
[INFO] [stdout]    |
[INFO] [stdout] 23 |     fn json(mut self, data: &'a mut JsonParam<'a>) -> RequestBuilder<'a, U>;
[INFO] [stdout]    |             ^^^^^^^^
[INFO] [stdout]    |
[INFO] [stdout]    = note: `#[deny(patterns_in_fns_without_body)]` on by default
[INFO] [stdout]    = warning: this was previously accepted by the compiler but is being phased out; it will become a hard error in a future release!
[INFO] [stdout]    = note: for more information, see issue #35203 <https://github.com/rust-lang/rust/issues/35203>
[INFO] [stdout] 
[INFO] [stdout] 
[INFO] [stdout] warning: trait objects without an explicit `dyn` are deprecated
[INFO] [stdout]   --> src/form.rs:19:16
[INFO] [stdout]    |
[INFO] [stdout] 19 |     value: &'a ToForm,
[INFO] [stdout]    |                ^^^^^^ help: use `dyn`: `dyn ToForm`
[INFO] [stdout] 
[INFO] [stdout] 
[INFO] [stdout] warning: trait objects without an explicit `dyn` are deprecated
[INFO] [stdout]   --> src/form.rs:23:19
[INFO] [stdout]    |
[INFO] [stdout] 23 | impl<'a> From<&'a ToForm> for FormParam<'a> {
[INFO] [stdout]    |                   ^^^^^^ help: use `dyn`: `dyn ToForm`
[INFO] [stdout] 
[INFO] [stdout] 
[INFO] [stdout] warning: trait objects without an explicit `dyn` are deprecated
[INFO] [stdout]   --> src/form.rs:24:27
[INFO] [stdout]    |
[INFO] [stdout] 24 |     fn from(data_ref: &'a ToForm) -> FormParam<'a> {
[INFO] [stdout]    |                           ^^^^^^ help: use `dyn`: `dyn ToForm`
[INFO] [stdout] 
[INFO] [stdout] 
[INFO] [stdout] error: patterns aren't allowed in functions without bodies
[INFO] [stdout]   --> src/form.rs:33:13
[INFO] [stdout]    |
[INFO] [stdout] 33 |     fn form(mut self, data: &'a mut FormParam<'a>) -> RequestBuilder<'a, U>;
[INFO] [stdout]    |             ^^^^^^^^
[INFO] [stdout]    |
[INFO] [stdout]    = warning: this was previously accepted by the compiler but is being phased out; it will become a hard error in a future release!
[INFO] [stdout]    = note: for more information, see issue #35203 <https://github.com/rust-lang/rust/issues/35203>
[INFO] [stdout] 
[INFO] [stdout] 
[INFO] [stdout] error: aborting due to 7 previous errors; 6 warnings emitted
[INFO] [stdout] 
[INFO] [stdout] 
[INFO] [stdout] For more information about this error, try `rustc --explain E0432`.
[INFO] [stdout] 
[INFO] [stderr] error: could not compile `erguotou`.
[INFO] [stdout] error[E0432]: unresolved imports `hyper::client::IntoUrl`, `hyper::client::RequestBuilder`
[INFO] [stdout]  --> src/json.rs:3:21
[INFO] [stdout]   |
[INFO] [stdout] 3 | use hyper::client::{IntoUrl, RequestBuilder};
[INFO] [stdout]   |                     ^^^^^^^  ^^^^^^^^^^^^^^ no `RequestBuilder` in `client`
[INFO] [stdout]   |                     |
[INFO] [stdout]   |                     no `IntoUrl` in `client`
[INFO] [stdout] 
[INFO] [stdout] 
[INFO] [stderr] 
[INFO] [stdout] error[E0432]: unresolved import `hyper::header::ContentType`
[INFO] [stdout]  --> src/json.rs:4:5
[INFO] [stdout]   |
[INFO] [stdout] 4 | use hyper::header::ContentType;
[INFO] [stdout]   |     ^^^^^^^^^^^^^^^^^^^^^^^^^^ no `ContentType` in `header`
[INFO] [stdout] 
[INFO] [stdout] 
[INFO] [stderr] To learn more, run the command again with --verbose.
[INFO] [stdout] error[E0432]: unresolved import `url::form_urlencoded::serialize`
[INFO] [stdout]  --> src/form.rs:4:5
[INFO] [stdout]   |
[INFO] [stdout] 4 | use url::form_urlencoded::serialize;
[INFO] [stdout]   |     ^^^^^^^^^^^^^^^^^^^^^^---------
[INFO] [stdout]   |     |                     |
[INFO] [stdout]   |     |                     help: a similar name exists in the module: `Serializer`
[INFO] [stdout]   |     no `serialize` in `form_urlencoded`
[INFO] [stdout] 
[INFO] [stdout] 
[INFO] [stderr] warning: build failed, waiting for other jobs to finish...
[INFO] [stdout] error[E0432]: unresolved imports `hyper::client::IntoUrl`, `hyper::client::RequestBuilder`
[INFO] [stdout]  --> src/form.rs:5:21
[INFO] [stdout]   |
[INFO] [stdout] 5 | use hyper::client::{IntoUrl, RequestBuilder};
[INFO] [stdout]   |                     ^^^^^^^  ^^^^^^^^^^^^^^ no `RequestBuilder` in `client`
[INFO] [stdout]   |                     |
[INFO] [stdout]   |                     no `IntoUrl` in `client`
[INFO] [stdout] 
[INFO] [stdout] 
[INFO] [stdout] error[E0432]: unresolved import `hyper::header::ContentType`
[INFO] [stdout]  --> src/form.rs:6:5
[INFO] [stdout]   |
[INFO] [stdout] 6 | use hyper::header::ContentType;
[INFO] [stdout]   |     ^^^^^^^^^^^^^^^^^^^^^^^^^^ no `ContentType` in `header`
[INFO] [stdout] 
[INFO] [stdout] 
[INFO] [stdout] warning: trait objects without an explicit `dyn` are deprecated
[INFO] [stdout]  --> src/json.rs:9:16
[INFO] [stdout]   |
[INFO] [stdout] 9 |     value: &'a ToJson,
[INFO] [stdout]   |                ^^^^^^ help: use `dyn`: `dyn ToJson`
[INFO] [stdout]   |
[INFO] [stdout]   = note: `#[warn(bare_trait_objects)]` on by default
[INFO] [stdout] 
[INFO] [stdout] 
[INFO] [stdout] warning: trait objects without an explicit `dyn` are deprecated
[INFO] [stdout]   --> src/json.rs:13:19
[INFO] [stdout]    |
[INFO] [stdout] 13 | impl<'a> From<&'a ToJson> for JsonParam<'a> {
[INFO] [stdout]    |                   ^^^^^^ help: use `dyn`: `dyn ToJson`
[INFO] [stdout] 
[INFO] [stdout] 
[INFO] [stdout] warning: trait objects without an explicit `dyn` are deprecated
[INFO] [stdout]   --> src/json.rs:14:27
[INFO] [stdout]    |
[INFO] [stdout] 14 |     fn from(data_ref: &'a ToJson) -> JsonParam<'a> {
[INFO] [stdout]    |                           ^^^^^^ help: use `dyn`: `dyn ToJson`
[INFO] [stdout] 
[INFO] [stdout] 
[INFO] [stdout] error: patterns aren't allowed in functions without bodies
[INFO] [stdout]   --> src/json.rs:23:13
[INFO] [stdout]    |
[INFO] [stdout] 23 |     fn json(mut self, data: &'a mut JsonParam<'a>) -> RequestBuilder<'a, U>;
[INFO] [stdout]    |             ^^^^^^^^
[INFO] [stdout]    |
[INFO] [stdout]    = note: `#[deny(patterns_in_fns_without_body)]` on by default
[INFO] [stdout]    = warning: this was previously accepted by the compiler but is being phased out; it will become a hard error in a future release!
[INFO] [stdout]    = note: for more information, see issue #35203 <https://github.com/rust-lang/rust/issues/35203>
[INFO] [stdout] 
[INFO] [stdout] 
[INFO] [stdout] warning: trait objects without an explicit `dyn` are deprecated
[INFO] [stdout]   --> src/form.rs:19:16
[INFO] [stdout]    |
[INFO] [stdout] 19 |     value: &'a ToForm,
[INFO] [stdout]    |                ^^^^^^ help: use `dyn`: `dyn ToForm`
[INFO] [stdout] 
[INFO] [stdout] 
[INFO] [stdout] warning: trait objects without an explicit `dyn` are deprecated
[INFO] [stdout]   --> src/form.rs:23:19
[INFO] [stdout]    |
[INFO] [stdout] 23 | impl<'a> From<&'a ToForm> for FormParam<'a> {
[INFO] [stdout]    |                   ^^^^^^ help: use `dyn`: `dyn ToForm`
[INFO] [stdout] 
[INFO] [stdout] 
[INFO] [stdout] warning: trait objects without an explicit `dyn` are deprecated
[INFO] [stdout]   --> src/form.rs:24:27
[INFO] [stdout]    |
[INFO] [stdout] 24 |     fn from(data_ref: &'a ToForm) -> FormParam<'a> {
[INFO] [stdout]    |                           ^^^^^^ help: use `dyn`: `dyn ToForm`
[INFO] [stdout] 
[INFO] [stdout] 
[INFO] [stdout] error: patterns aren't allowed in functions without bodies
[INFO] [stdout]   --> src/form.rs:33:13
[INFO] [stdout]    |
[INFO] [stdout] 33 |     fn form(mut self, data: &'a mut FormParam<'a>) -> RequestBuilder<'a, U>;
[INFO] [stdout]    |             ^^^^^^^^
[INFO] [stdout]    |
[INFO] [stdout]    = warning: this was previously accepted by the compiler but is being phased out; it will become a hard error in a future release!
[INFO] [stdout]    = note: for more information, see issue #35203 <https://github.com/rust-lang/rust/issues/35203>
[INFO] [stdout] 
[INFO] [stdout] 
[INFO] [stdout] error: aborting due to 7 previous errors; 6 warnings emitted
[INFO] [stdout] 
[INFO] [stdout] 
[INFO] [stdout] For more information about this error, try `rustc --explain E0432`.
[INFO] [stdout] 
[INFO] [stderr] error: build failed
[INFO] running `Command { std: "docker" "inspect" "b870d6c50d25b34a5fbd47b8405225023513f11f9437e8603a9490aee6f59052", kill_on_drop: false }`
[INFO] running `Command { std: "docker" "rm" "-f" "b870d6c50d25b34a5fbd47b8405225023513f11f9437e8603a9490aee6f59052", kill_on_drop: false }`
[INFO] [stdout] b870d6c50d25b34a5fbd47b8405225023513f11f9437e8603a9490aee6f59052
